
List the prime factors of 15983.
11, 1453
What are the prime factors of 5539?
29, 191
List the prime factors of 6976.
2, 109
What are the prime factors of 9532?
2, 2383
What are the prime factors of 550?
2, 5, 11
List the prime factors of 4441.
4441
What are the prime factors of 861?
3, 7, 41
List the prime factors of 145582.
2, 83, 877
List the prime factors of 3186.
2, 3, 59
List the prime factors of 44698.
2, 22349
What are the prime factors of 106?
2, 53
What are the prime factors of 1774?
2, 887
List the prime factors of 92.
2, 23
What are the prime factors of 19984?
2, 1249
What are the prime factors of 30199?
13, 23, 101
List the prime factors of 685.
5, 137
What are the prime factors of 42037?
127, 331
List the prime factors of 4452.
2, 3, 7, 53
List the prime factors of 15716.
2, 3929
What are the prime factors of 1928?
2, 241
What are the prime factors of 3747?
3, 1249
List the prime factors of 732.
2, 3, 61
What are the prime factors of 30833?
11, 2803
List the prime factors of 11010.
2, 3, 5, 367
List the prime factors of 94850.
2, 5, 7, 271
List the prime factors of 1417.
13, 109
List the prime factors of 5379.
3, 11, 163
What are the prime factors of 7031?
79, 89
What are the prime factors of 8476?
2, 13, 163
What are the prime factors of 14828?
2, 11, 337
List the prime factors of 873.
3, 97
List the prime factors of 321.
3, 107
List the prime factors of 820.
2, 5, 41
List the prime factors of 619.
619
What are the prime factors of 6540?
2, 3, 5, 109
List the prime factors of 2836.
2, 709
List the prime factors of 108111.
3, 36037
What are the prime factors of 30349?
11, 31, 89
List the prime factors of 5610.
2, 3, 5, 11, 17
List the prime factors of 139.
139
List the prime factors of 11874.
2, 3, 1979
What are the prime factors of 29569?
29569
What are the prime factors of 3961?
17, 233
List the prime factors of 969.
3, 17, 19
List the prime factors of 1028.
2, 257
List the prime factors of 1728.
2, 3
What are the prime factors of 8319?
3, 47, 59
List the prime factors of 3007.
31, 97
What are the prime factors of 15012?
2, 3, 139
What are the prime factors of 1364?
2, 11, 31
What are the prime factors of 3380?
2, 5, 13
What are the prime factors of 33220?
2, 5, 11, 151
List the prime factors of 346.
2, 173
List the prime factors of 10276.
2, 7, 367
What are the prime factors of 14328?
2, 3, 199
What are the prime factors of 860?
2, 5, 43
What are the prime factors of 19481?
7, 11, 23
What are the prime factors of 362?
2, 181
List the prime factors of 25374.
2, 3, 4229
What are the prime factors of 47037?
3, 15679
What are the prime factors of 1179?
3, 131
What are the prime factors of 2122?
2, 1061
What are the prime factors of 2071?
19, 109
What are the prime factors of 4843?
29, 167
List the prime factors of 19851.
3, 13, 509
What are the prime factors of 22909?
31, 739
What are the prime factors of 792?
2, 3, 11
What are the prime factors of 803?
11, 73
What are the prime factors of 7515?
3, 5, 167
What are the prime factors of 7142?
2, 3571
What are the prime factors of 1754?
2, 877
What are the prime factors of 9333?
3, 17, 61
What are the prime factors of 26332?
2, 29, 227
What are the prime factors of 81364?
2, 20341
List the prime factors of 44364.
2, 3, 3697
List the prime factors of 51792.
2, 3, 13, 83
What are the prime factors of 70840?
2, 5, 7, 11, 23
What are the prime factors of 434?
2, 7, 31
What are the prime factors of 26079?
3, 8693
List the prime factors of 1152.
2, 3
What are the prime factors of 5268?
2, 3, 439
List the prime factors of 1630.
2, 5, 163
What are the prime factors of 14718?
2, 3, 11, 223
What are the prime factors of 5377?
19, 283
List the prime factors of 974.
2, 487
What are the prime factors of 4746?
2, 3, 7, 113
List the prime factors of 3644.
2, 911
List the prime factors of 162140.
2, 5, 11, 67
List the prime factors of 919.
919
What are the prime factors of 6428?
2, 1607
What are the prime factors of 822?
2, 3, 137
What are the prime factors of 17477?
17477
List the prime factors of 2919.
3, 7, 139
List the prime factors of 31383.
3, 11, 317
What are the prime factors of 32215?
5, 17, 379
What are the prime factors of 80741?
263, 307
List the prime factors of 252.
2, 3, 7
What are the prime factors of 1131?
3, 13, 29
What are the prime factors of 21819?
3, 7, 1039
What are the prime factors of 200?
2, 5
List the prime factors of 58686.
2, 3, 9781
List the prime factors of 15956.
2, 3989
What are the prime factors of 10025?
5, 401
What are the prime factors of 1225?
5, 7
List the prime factors of 46583.
37, 1259
List the prime factors of 101765.
5, 20353
List the prime factors of 13067.
73, 179
List the prime factors of 153828.
2, 3, 4273
What are the prime factors of 1687?
7, 241
What are the prime factors of 854?
2, 7, 61
What are the prime factors of 2519?
11, 229
List the prime factors of 1719.
3, 191
List the prime factors of 88663.
88663
List the prime factors of 117722.
2, 11, 5351
What are the prime factors of 2392?
2, 13, 23
List the prime factors of 6872.
2, 859
What are the prime factors of 164?
2, 41
List the prime factors of 328.
2, 41
List the prime factors of 1786.
2, 19, 47
What are the prime factors of 10977?
3, 3659
What are the prime factors of 896?
2, 7
List the prime factors of 210.
2, 3, 5, 7
What are the prime factors of 136?
2, 17
List the prime factors of 42573.
3, 23, 617
List the prime factors of 10282.
2, 53, 97
What are the prime factors of 7277?
19, 383
List the prime factors of 593.
593
What are the prime factors of 1139?
17, 67
List the prime factors of 1204.
2, 7, 43
What are the prime factors of 555?
3, 5, 37
What are the prime factors of 790?
2, 5, 79
What are the prime factors of 2236?
2, 13, 43
List the prime factors of 40386.
2, 3, 53, 127
List the prime factors of 11370.
2, 3, 5, 379
What are the prime factors of 734?
2, 367
List the prime factors of 11147.
71, 157
List the prime factors of 933.
3, 311
List the prime factors of 10379.
97, 107
What are the prime factors of 2512?
2, 157
What are the prime factors of 36?
2, 3
List the prime factors of 32181.
3, 17, 631
What are the prime factors of 112?
2, 7
What are the prime factors of 40580?
2, 5, 2029
List the prime factors of 16176.
2, 3, 337
What are the prime factors of 8917?
37, 241
List the prime factors of 43274.
2, 7, 11, 281
What are the prime factors of 106045?
5, 127, 167
List the prime factors of 224.
2, 7
What are the prime factors of 277?
277
What are the prime factors of 374?
2, 11, 17
What are the prime factors of 2423?
2423
What are the prime factors of 36953?
7, 5279
List the prime factors of 588.
2, 3, 7
List the prime factors of 731.
17, 43
List the prime factors of 1073.
29, 37
What are the prime factors of 4123?
7, 19, 31
What are the prime factors of 3720?
2, 3, 5, 31
List the prime factors of 25130.
2, 5, 7, 359
What are the prime factors of 9844?
2, 23, 107
What are the prime factors of 153597?
3, 51199
List the prime factors of 56.
2, 7
List the prime factors of 616.
2, 7, 11
List the prime factors of 2725.
5, 109
What are the prime factors of 97568?
2, 3049
What are the prime factors of 3645?
3, 5
What are the prime factors of 1102?
2, 19, 29
What are the prime factors of 1220?
2, 5, 61
List the prime factors of 2369.
23, 103
List the prime factors of 24875.
5, 199
What are the prime factors of 4615?
5, 13, 71
What are the prime factors of 19726?
2, 7, 1409
What are the prime factors of 162?
2, 3
List the prime factors of 9504.
2, 3, 11
List the prime factors of 40939.
40939
List the prime factors of 4323.
3, 11, 131
What are the prime factors of 11996?
2, 2999
What are the prime factors of 7362?
2, 3, 409
What are the prime factors of 30540?
2, 3, 5, 509
What are the prime factors of 1491?
3, 7, 71
What are the prime factors of 80581?
61, 1321
List the prime factors of 2426.
2, 1213
What are the prime factors of 28408?
2, 53, 67
List the prime factors of 1802.
2, 17, 53
What are the prime factors of 2295?
3, 5, 17
What are the prime factors of 31026?
2, 3, 5171
What are the prime factors of 2749?
2749
List the prime factors of 20350.
2, 5, 11, 37
List the prime factors of 741.
3, 13, 19
List the prime factors of 4454.
2, 17, 131
What are the prime factors of 1154